{"id":165,"date":"2017-09-20T10:51:51","date_gmt":"2017-09-20T10:51:51","guid":{"rendered":"https:\/\/mielenikkuna.fi\/?page_id=165"},"modified":"2017-12-03T08:26:56","modified_gmt":"2017-12-03T08:26:56","slug":"yksilokaynnit","status":"publish","type":"page","link":"https:\/\/mielenikkuna.fi\/?page_id=165","title":{"rendered":"Yksil\u00f6k\u00e4ynnit"},"content":{"rendered":"<div id=\"pl-165\"  class=\"panel-layout\" ><div id=\"pg-165-0\"  class=\"panel-grid panel-no-style\" ><div id=\"pgc-165-0-0\"  class=\"panel-grid-cell\" ><div id=\"panel-165-0-0-0\" class=\"so-panel widget widget_sow-editor panel-first-child panel-last-child\" data-index=\"0\" ><div\n\t\t\t\n\t\t\tclass=\"so-widget-sow-editor so-widget-sow-editor-base\"\n\t\t\t\n\t\t>\n<div class=\"siteorigin-widget-tinymce textwidget\">\n\t<p><strong>Oletko hiljattain sairastunut? Tai sairastatko jotain\u00a0pitk\u00e4aikaissairautta? Oletko kenties saanut elinik\u00e4isen \"kumppanin\" sairaudestasi?<\/strong><\/p>\n<p>Rohkaisen sinua k\u00e4ym\u00e4\u00e4n sairauteen ja sairastumiseen liittyvi\u00e4 ajatuksia l\u00e4pi. Asian tietoinen k\u00e4sittely ja sen hyv\u00e4ksyminen osaksi omaa itse\u00e4 auttaa jatkamaan el\u00e4m\u00e4ss\u00e4 eteenp\u00e4in. Joskus keskustelu yst\u00e4v\u00e4n tai l\u00e4heisen kanssa auttaa, mutta\u00a0\u00a0toisinaan on hyv\u00e4 keskustella\u00a0ammattilaisen kanssa.<\/p>\n<p>Olen silloin k\u00e4ytett\u00e4viss\u00e4si.<\/p>\n<p><strong>Muista my\u00f6s vertaistuki!<\/strong> Usein saman sairauden kanssa el\u00e4v\u00e4 ihminen ymm\u00e4rt\u00e4\u00e4 sinua jopa\u00a0sanattomasti ja h\u00e4nelt\u00e4 voit saada hyvi\u00e4 vinkkej\u00e4.<\/p>\n<\/div>\n<\/div><\/div><\/div><div id=\"pgc-165-0-1\"  class=\"panel-grid-cell\" ><div id=\"panel-165-0-1-0\" class=\"so-panel widget widget_sow-editor panel-first-child panel-last-child\" data-index=\"1\" ><div\n\t\t\t\n\t\t\tclass=\"so-widget-sow-editor so-widget-sow-editor-base\"\n\t\t\t\n\t\t>\n<div class=\"siteorigin-widget-tinymce textwidget\">\n\t<\/div>\n<\/div><\/div><\/div><\/div><\/div>","protected":false},"excerpt":{"rendered":"<p>Oletko hiljattain sairastunut? Tai sairastatko jotain\u00a0pitk\u00e4aikaissairautta? Oletko kenties saanut elinik\u00e4isen &#8221;kumppanin&#8221; sairaudestasi?Rohkaisen sinua k\u00e4ym\u00e4\u00e4n sairauteen ja sairastumiseen liittyvi\u00e4 ajatuksia l\u00e4pi. Asian tietoinen k\u00e4sittely ja sen hyv\u00e4ksyminen osaksi omaa itse\u00e4 auttaa jatkamaan el\u00e4m\u00e4ss\u00e4 eteenp\u00e4in. Joskus keskustelu yst\u00e4v\u00e4n tai l\u00e4heisen kanssa auttaa, mutta\u00a0\u00a0toisinaan on hyv\u00e4 keskustella\u00a0ammattilaisen kanssa.Olen silloin k\u00e4ytett\u00e4viss\u00e4si.Muista my\u00f6s vertaistuki! Usein saman sairauden kanssa el\u00e4v\u00e4 ihminen <a class=\"read-more\" href=\"https:\/\/mielenikkuna.fi\/?page_id=165\">Read More<\/a><\/p>\n","protected":false},"author":1,"featured_media":0,"parent":63,"menu_order":0,"comment_status":"closed","ping_status":"closed","template":"","meta":{"jetpack_post_was_ever_published":false,"footnotes":""},"class_list":["post-165","page","type-page","status-publish","hentry"],"yoast_head":"<!-- This site is optimized with the Yoast SEO plugin v27.5 - https:\/\/yoast.com\/product\/yoast-seo-wordpress\/ -->\n<title>Yksil\u00f6k\u00e4ynnit - PSYKOTERAPIAPALVELU MIELEN IKKUNA<\/title>\n<meta name=\"robots\" content=\"index, follow, max-snippet:-1, max-image-preview:large, max-video-preview:-1\" \/>\n<link rel=\"canonical\" href=\"https:\/\/mielenikkuna.fi\/?page_id=165\" \/>\n<meta property=\"og:locale\" content=\"fi_FI\" \/>\n<meta property=\"og:type\" content=\"article\" \/>\n<meta property=\"og:title\" content=\"Yksil\u00f6k\u00e4ynnit - PSYKOTERAPIAPALVELU MIELEN IKKUNA\" \/>\n<meta property=\"og:description\" content=\"Oletko hiljattain sairastunut? Tai sairastatko jotain\u00a0pitk\u00e4aikaissairautta? Oletko kenties saanut elinik\u00e4isen &quot;kumppanin&quot; sairaudestasi?Rohkaisen sinua k\u00e4ym\u00e4\u00e4n sairauteen ja sairastumiseen liittyvi\u00e4 ajatuksia l\u00e4pi. Asian tietoinen k\u00e4sittely ja sen hyv\u00e4ksyminen osaksi omaa itse\u00e4 auttaa jatkamaan el\u00e4m\u00e4ss\u00e4 eteenp\u00e4in. Joskus keskustelu yst\u00e4v\u00e4n tai l\u00e4heisen kanssa auttaa, mutta\u00a0\u00a0toisinaan on hyv\u00e4 keskustella\u00a0ammattilaisen kanssa.Olen silloin k\u00e4ytett\u00e4viss\u00e4si.Muista my\u00f6s vertaistuki! Usein saman sairauden kanssa el\u00e4v\u00e4 ihminen Read More\" \/>\n<meta property=\"og:url\" content=\"https:\/\/mielenikkuna.fi\/?page_id=165\" \/>\n<meta property=\"og:site_name\" content=\"PSYKOTERAPIAPALVELU MIELEN IKKUNA\" \/>\n<meta property=\"article:modified_time\" content=\"2017-12-03T08:26:56+00:00\" \/>\n<meta name=\"twitter:card\" content=\"summary_large_image\" \/>\n<script type=\"application\/ld+json\" class=\"yoast-schema-graph\">{\"@context\":\"https:\\\/\\\/schema.org\",\"@graph\":[{\"@type\":\"WebPage\",\"@id\":\"https:\\\/\\\/mielenikkuna.fi\\\/?page_id=165\",\"url\":\"https:\\\/\\\/mielenikkuna.fi\\\/?page_id=165\",\"name\":\"Yksil\u00f6k\u00e4ynnit - PSYKOTERAPIAPALVELU MIELEN IKKUNA\",\"isPartOf\":{\"@id\":\"https:\\\/\\\/mielenikkuna.fi\\\/#website\"},\"datePublished\":\"2017-09-20T10:51:51+00:00\",\"dateModified\":\"2017-12-03T08:26:56+00:00\",\"breadcrumb\":{\"@id\":\"https:\\\/\\\/mielenikkuna.fi\\\/?page_id=165#breadcrumb\"},\"inLanguage\":\"fi\",\"potentialAction\":[{\"@type\":\"ReadAction\",\"target\":[\"https:\\\/\\\/mielenikkuna.fi\\\/?page_id=165\"]}]},{\"@type\":\"BreadcrumbList\",\"@id\":\"https:\\\/\\\/mielenikkuna.fi\\\/?page_id=165#breadcrumb\",\"itemListElement\":[{\"@type\":\"ListItem\",\"position\":1,\"name\":\"Home\",\"item\":\"https:\\\/\\\/mielenikkuna.fi\\\/\"},{\"@type\":\"ListItem\",\"position\":2,\"name\":\"Palvelut\",\"item\":\"https:\\\/\\\/mielenikkuna.fi\\\/?page_id=63\"},{\"@type\":\"ListItem\",\"position\":3,\"name\":\"Yksil\u00f6k\u00e4ynnit\"}]},{\"@type\":\"WebSite\",\"@id\":\"https:\\\/\\\/mielenikkuna.fi\\\/#website\",\"url\":\"https:\\\/\\\/mielenikkuna.fi\\\/\",\"name\":\"PSYKOTERAPIAPALVELU MIELEN IKKUNA\",\"description\":\"\",\"potentialAction\":[{\"@type\":\"SearchAction\",\"target\":{\"@type\":\"EntryPoint\",\"urlTemplate\":\"https:\\\/\\\/mielenikkuna.fi\\\/?s={search_term_string}\"},\"query-input\":{\"@type\":\"PropertyValueSpecification\",\"valueRequired\":true,\"valueName\":\"search_term_string\"}}],\"inLanguage\":\"fi\"}]}<\/script>\n<!-- \/ Yoast SEO plugin. -->","yoast_head_json":{"title":"Yksil\u00f6k\u00e4ynnit - PSYKOTERAPIAPALVELU MIELEN IKKUNA","robots":{"index":"index","follow":"follow","max-snippet":"max-snippet:-1","max-image-preview":"max-image-preview:large","max-video-preview":"max-video-preview:-1"},"canonical":"https:\/\/mielenikkuna.fi\/?page_id=165","og_locale":"fi_FI","og_type":"article","og_title":"Yksil\u00f6k\u00e4ynnit - PSYKOTERAPIAPALVELU MIELEN IKKUNA","og_description":"Oletko hiljattain sairastunut? Tai sairastatko jotain\u00a0pitk\u00e4aikaissairautta? Oletko kenties saanut elinik\u00e4isen \"kumppanin\" sairaudestasi?Rohkaisen sinua k\u00e4ym\u00e4\u00e4n sairauteen ja sairastumiseen liittyvi\u00e4 ajatuksia l\u00e4pi. Asian tietoinen k\u00e4sittely ja sen hyv\u00e4ksyminen osaksi omaa itse\u00e4 auttaa jatkamaan el\u00e4m\u00e4ss\u00e4 eteenp\u00e4in. Joskus keskustelu yst\u00e4v\u00e4n tai l\u00e4heisen kanssa auttaa, mutta\u00a0\u00a0toisinaan on hyv\u00e4 keskustella\u00a0ammattilaisen kanssa.Olen silloin k\u00e4ytett\u00e4viss\u00e4si.Muista my\u00f6s vertaistuki! Usein saman sairauden kanssa el\u00e4v\u00e4 ihminen Read More","og_url":"https:\/\/mielenikkuna.fi\/?page_id=165","og_site_name":"PSYKOTERAPIAPALVELU MIELEN IKKUNA","article_modified_time":"2017-12-03T08:26:56+00:00","twitter_card":"summary_large_image","schema":{"@context":"https:\/\/schema.org","@graph":[{"@type":"WebPage","@id":"https:\/\/mielenikkuna.fi\/?page_id=165","url":"https:\/\/mielenikkuna.fi\/?page_id=165","name":"Yksil\u00f6k\u00e4ynnit - PSYKOTERAPIAPALVELU MIELEN IKKUNA","isPartOf":{"@id":"https:\/\/mielenikkuna.fi\/#website"},"datePublished":"2017-09-20T10:51:51+00:00","dateModified":"2017-12-03T08:26:56+00:00","breadcrumb":{"@id":"https:\/\/mielenikkuna.fi\/?page_id=165#breadcrumb"},"inLanguage":"fi","potentialAction":[{"@type":"ReadAction","target":["https:\/\/mielenikkuna.fi\/?page_id=165"]}]},{"@type":"BreadcrumbList","@id":"https:\/\/mielenikkuna.fi\/?page_id=165#breadcrumb","itemListElement":[{"@type":"ListItem","position":1,"name":"Home","item":"https:\/\/mielenikkuna.fi\/"},{"@type":"ListItem","position":2,"name":"Palvelut","item":"https:\/\/mielenikkuna.fi\/?page_id=63"},{"@type":"ListItem","position":3,"name":"Yksil\u00f6k\u00e4ynnit"}]},{"@type":"WebSite","@id":"https:\/\/mielenikkuna.fi\/#website","url":"https:\/\/mielenikkuna.fi\/","name":"PSYKOTERAPIAPALVELU MIELEN IKKUNA","description":"","potentialAction":[{"@type":"SearchAction","target":{"@type":"EntryPoint","urlTemplate":"https:\/\/mielenikkuna.fi\/?s={search_term_string}"},"query-input":{"@type":"PropertyValueSpecification","valueRequired":true,"valueName":"search_term_string"}}],"inLanguage":"fi"}]}},"jetpack_sharing_enabled":true,"jetpack_shortlink":"https:\/\/wp.me\/P9bYoq-2F","_links":{"self":[{"href":"https:\/\/mielenikkuna.fi\/index.php?rest_route=\/wp\/v2\/pages\/165","targetHints":{"allow":["GET"]}}],"collection":[{"href":"https:\/\/mielenikkuna.fi\/index.php?rest_route=\/wp\/v2\/pages"}],"about":[{"href":"https:\/\/mielenikkuna.fi\/index.php?rest_route=\/wp\/v2\/types\/page"}],"author":[{"embeddable":true,"href":"https:\/\/mielenikkuna.fi\/index.php?rest_route=\/wp\/v2\/users\/1"}],"replies":[{"embeddable":true,"href":"https:\/\/mielenikkuna.fi\/index.php?rest_route=%2Fwp%2Fv2%2Fcomments&post=165"}],"version-history":[{"count":5,"href":"https:\/\/mielenikkuna.fi\/index.php?rest_route=\/wp\/v2\/pages\/165\/revisions"}],"predecessor-version":[{"id":299,"href":"https:\/\/mielenikkuna.fi\/index.php?rest_route=\/wp\/v2\/pages\/165\/revisions\/299"}],"up":[{"embeddable":true,"href":"https:\/\/mielenikkuna.fi\/index.php?rest_route=\/wp\/v2\/pages\/63"}],"wp:attachment":[{"href":"https:\/\/mielenikkuna.fi\/index.php?rest_route=%2Fwp%2Fv2%2Fmedia&parent=165"}],"curies":[{"name":"wp","href":"https:\/\/api.w.org\/{rel}","templated":true}]}}